h(-1). Calculate the greatest common divisor of n and f.
7
Suppose 5*c - 32 = -4*t, -5*t - c + 13 = -6. Suppose -5*r = -t*r - 14. What is the highest common divisor of r and 77?
7
Let u = -11 + 44. Suppose 2*i = -i + u. Let b(j) = 2*j**2 + 3*j + 2. Let d be b(-3). Calculate the highest common factor of i and d.
11
Suppose 5*z - 1 = 24. Suppose 0 = z*q - q - 16. Let o = 111 + -75. What is the highest common divisor of q and o?
4
Let q(w) = w**3 + 5*w**2 - 6*w - 12. Let v = 2 - 7. Let c be q(v). Calculate the highest common divisor of 18 and c.
18
Let l(z) = 7*z**3 - z. Let h be 1/3 + (-6)/(-9). Let p be l(h). What is the greatest common divisor of 66 and p?
6
Let g(a) = a**3 - a**2 + a + 4. Let v = -4 + 4. Let w be g(v). Let o be (w/2)/(-1) - -3. What is the highest common factor of 3 and o?
1
Suppose 5*b = 20, 3*r + b = 5 + 35. What is the highest common divisor of r and 12?
12
Let p(z) = -z + 4. Let s be p(2). Suppose l = -l + 2. What is the highest common divisor of s and l?
1
Let b(l) = -3*l - 9. Let a be b(-4). Suppose -a + 9 = 3*h. Let o = 0 - -4. Calculate the highest common factor of h and o.
2
Let g(n) = n**3 - 3*n**2 - 4*n + 6. Let a be g(4). Suppose 0 = -12*t + 15*t - 162. What is the highest common factor of a and t?
6
Let v = 127 + -55. Suppose -7*m + 40 = -2*m. What is the highest common factor of v and m?
8
Let i be 11620/182 - 4/(-26). Let g be -2 + (-8)/(-2) - -2. Suppose g*u - 28 = -2*q, 2*u = -2 - 0. Calculate the greatest common factor of i and q.
16
Suppose 4*h + 317 - 21 = 5*s, 2*s - h = 116. What is the highest common divisor of 8 and s?
8
Suppose -5*c + 35 = 4*y + y, 0 = -5*y + 2*c + 14. Let o(k) = 3*k. Let g be o(y). Suppose 0 = f - 8 - 0. Calculate the highest common factor of g and f.
4
Suppose -3*c + c + 394 = f, 3*c + 1631 = 4*f. Let b = f - 233. Calculate the greatest common factor of 19 and b.
19
Let v be (-1 - -12)*(8 + -3). Suppose 7*y - v = 2*y. What is the highest common factor of 33 and y?
11
Let l(v) = v + 22. Let p be l(11). Calculate the highest common divisor of 3 and p.
3
Let n be (-2)/3*(-225)/10. Calculate the greatest common factor of n and 105.
15
Suppose 5*l + 90 = 265. What is the greatest common factor of l and 14?
7
Let h = 56 - 36. Calculate the highest common divisor of 25 and h.
5
Let d = 403 - 171. Suppose 0*l + g = 4*l - d, 3*g = -l + 45. What is the highest common divisor of 19 and l?
19
Let l = -174 + 177. Calculate the highest common divisor of 24 and l.
3
Suppose 0*u + 11 = u. Suppose 13 + 20 = 3*a - w, a + w = u. Calculate the highest common divisor of 121 and a.
11
Suppose 0 = 2*c - 5*o + 59 - 22, 4*o - 4 = 0. Let t = -9 - c. What is the greatest common factor of 49 and t?
7
Let i = -41 + 36. Let s(p) be the first derivative of -5*p**2 + 5*p + 1. Let u be s(i). What is the highest common factor of 5 and u?
5
Let f = 2 + 21. What is the highest common factor of 161 and f?
23
Let a = 52 + -20. Let p be 6 - (2 - 4 - 0). Calculate the highest common factor of a and p.
8
Let g be 4/6 - 1/(-3). Suppose -s = 3*s + 32. Let m be s - -55 - -1*g. Calculate the greatest common factor of 6 and m.
6
Let x be (30/(-20))/((-3)/4). Calculate the greatest common factor of 8 and x.
2
Suppose -6*m + 11 + 109 = 0. Calculate the greatest common factor of 30 and m.
10
Suppose 0 = 2*h - 4*h + 10. Let k be -11 - (0 - (h + -3)). Let w be ((-6)/(-9))/((-6)/k). Calculate the greatest common divisor of 1 and w.
1
Let r(z) = 13*z**2 - 3*z. Let w be r(2). Calculate the greatest common factor of w and 69.
23
Let u be 248/5 - 10/(-25). What is the greatest common divisor of 2 and u?
2
Let r be 200/52 + 2/13. Calculate the highest common divisor of 6 and r.
2
Suppose 0 = -7*w + 3*w - 264. Let i = w + 165. Calculate the greatest common factor of i and 9.
9
Let m(j) = -3*j - 2. Let c be m(-2). Let r = -210 + 345. Suppose -3*g + r = 3*p, 6*g - 215 = g + 5*p. What is the highest common factor of g and c?
4
Let j(b) = 25*b**3 + b**2. Let l be j(1). Let o = l + -8. Let x(i) = 2*i - 9. Let y be x(6). Calculate the highest common divisor of o and y.
3
Let d be -3 + (-5 + 2 - -12). Let t = 21 + -3. Calculate the highest common factor of t and d.
6
Suppose -2*v + 342 = 5*u - 174, v = 3*u - 314. What is the greatest common factor of u and 13?
13
Suppose 4 = -5*d + 2*y, -2*y = d - 4 - 0. Suppose d*w - 4 = -4*w. Let n be 12 + -2*w + 3. What is the greatest common divisor of 52 and n?
13
Let j = 15 - 10. Suppose 9*a - 2*n = 4*a + 60, j*n = -2*a - 5. What is the highest common divisor of 10 and a?
10
Suppose 0 = -4*o + 10 + 2. Suppose o*q = -q + 24. Let v be (-7)/(-5) + q/(-15). Calculate the highest common factor of v and 1.
1
Let p be (-84)/(-39) + (-6)/39. Let z(s) = 18*s**2. Let v be z(-1). Suppose p*o + v = 5*o. Calculate the highest common divisor of 3 and o.
3
Suppose 0*m - 4*m + 128 = 0. Let c(d) = d**3 + d**2 - d + 24. Let x be c(0). Suppose b = 4*b - x. Calculate the greatest common factor of b and m.
8
Let a(y) = -y**3 + 10*y**2 + 16*y - 15. Suppose 55 = -0*c + 5*c. Let p be a(c). What is the greatest common divisor of 10 and p?
10
Suppose -t = t - 10. Suppose t*z - 1 = 24. Suppose -19 - 1 = -z*k, u + 3*k - 20 = 0. Calculate the highest common divisor of u and 48.
8
Suppose o - 43 = -3*n, -3*n = -3*o + 2 - 29. What is the highest common divisor of 65 and n?
13
Let m be (4 - 2)/((-111)/(-54) + -2). Calculate the greatest common factor of m and 24.
12
Let m(a) = 10*a**2 + a - 1. Let r be m(1). What is the highest common divisor of 25 and r?
5
Let v be (1/3)/((-4)/(-36)). Suppose -4*h = -v*h. Suppose h = 2*d + d - 12. What is the greatest common divisor of d and 2?
2
Suppose 5*r + 250 = 4*d - d, 3*d - r - 266 = 0. Calculate the highest common divisor of 10 and d.
10
Suppose -o + 30 = -60. Calculate the greatest common factor of 36 and o.
18
Let p be (-68)/6 - (-6)/18. Let x = p - -14. What is the greatest common factor of x and 21?
3
Let f = -31 - -49. What is the greatest common divisor of 6 and f?
6
Let j be ((-42)/(-4))/(6/8). Calculate the greatest common divisor of 105 and j.
7
Suppose -v - 16 = -5*v. Suppose v*l + 12 = 60. What is the highest common divisor of l and 48?
12
Let f be 94 + (-4)/((-6)/(-3)). Suppose 2*v - f = -2*v. Suppose -3*x - v = -5*z, -z + 6*z - 2*x - 27 = 0. What is the highest common divisor of 7 and z?
7
Suppose 3 = -x + 3*j, 3*x + 4*j - 14 - 3 = 0. Calculate the greatest common factor of x and 21.
3
Let l(p) = -p**2 - 16*p + 24. Let q be l(-17). Let d be 10*-7*(-4)/10. Calculate the highest common divisor of d and q.
7
Suppose 0 = 30*t - 26*t - 32. What is the highest common divisor of 64 and t?
8
Let q = 47 - 29. Calculate the greatest common factor of 63 and q.
9
Suppose -3*w = 2*w - 190. Calculate the highest common divisor of 19 and w.
19
Let p be (8/(-10))/(8/(-100)). Suppose 0*o + 85 = 5*o. Let m be o + (0 - -2)*-1. What is the greatest common divisor of m and p?
5
Let f(c) = 9*c - 1. Let s be f(2). Let n be (2 - 3)*(20 - 3)*-11. Calculate the highest common factor of n and s.
17
Let h = -320 + 452. What is the highest common divisor of 12 and h?
12
Let r be -2*(-3 - -1) + 11. Calculate the greatest common divisor of r and 165.
15
Let k be (4/10)/((-1)/(-40)). Let z be 49/21 + 2/3. Let n be -47*(0 + -3) + z. What is the highest common divisor of k and n?
16
Suppose 5*m = 970 - 105. Suppose 3*o + m = 485. Let j(n) = -n**3 + 3*n**2 + 3*n + 4. Let f be j(3). What is the greatest common divisor of o and f?
13
Suppose 13*k = 4*k + 135. Calculate the greatest common factor of k and 15.
15
Suppose 0 = 2*i + 2*i + 16, -2*i - 56 = -2*h. Let d be 8 + ((-16)/6)/(20/(-30)). What is the greatest common divisor of h and d?
12
Let h be 63/7 + 2/(-1). Calculate the greatest common divisor of h and 63.
7
Let m(i) = -i**3 + 4*i**2 - 3*i + 4. Let o be m(3). Calculate the greatest common divisor of 20 and o.
4
Let r = -5 - -7. Suppose o - r - 4 = 0. What is the highest common factor of 6 and o?
6
Let n(p) = p**2 - 7*p + 8. Let z be n(6). Let v(s) = 11*s + 0*s - z*s - 4. Let g be v(4). Calculate the highest common divisor of g and 8.
8
Let b be 29*3 - (-24)/8. What is the highest common divisor of b and 36?
18
Suppose 0*a = 4*a. Suppose 10 = 5*t + 5*o, 1 = -o - a*o. What is the highest common divisor of 3 an